 d(3).
-8
Suppose -9*p + 12 = -3*p. Let s(c) = 2*c**2 + c - 2. Determine s(p).
8
Suppose 0 = 11*t - 14*t + 15. Let h(l) = 2 + l**3 + 6*l - 8*l**2 + l**2 + l**2. Determine h(t).
7
Let h(c) = -4*c. Let p be h(-6). Let q be (p/16)/(1/6). Suppose 4*z = -3*d + 5, d + 4*d + q = 2*z. Let l(a) = 6*a + 1. Give l(d).
-5
Suppose 3*y - 5 = -2*y. Let w(z) = 9*z. Calculate w(y).
9
Let w(o) = -2*o + 3. Let r be 2 + (6 - (-6)/(-3)). Let y(n) = 2*n - 3. Let d(j) = r*w(j) + 5*y(j). Calculate d(4).
-5
Suppose 0 = 2*s - 14. Let r(x) = -x**3 + 7*x**2 + 3*x - 7. Determine r(s).
14
Let a(w) = 1 - 5*w - w**2 + w + w. Let m(p) = p**2 + 5*p - 4. Let v(g) = 4*g - 1. Let d be v(-1). Let h be m(d). Give a(h).
-3
Let f(g) = -3*g - 4. Let r(j) = j**2 + j - 1. Let z(v) = -f(v) + r(v). Calculate z(-3).
0
Let q(k) = -k**3 + 5*k**2 - k - 1. Let n = -21 + 25. What is q(n)?
11
Let h(j) = -j + 1. Let c = -12 - -15. Give h(c).
-2
Let z be (6/4)/((-33)/(-22))*-1. Let n(s) = -22*s**3 - s**2 - 2*s - 1. Give n(z).
22
Suppose -3*t - 9 = -0*t. Let o(s) = s**2 - 11*s + 2. Let w be o(11). Let u(p) = -4 + 4*p**w - 3 + 9 + 5*p + p**3. What is u(t)?
-4
Let p(u) = u**2 + 14*u - 18. Let v be p(-15). Let m(d) = -3*d**2 + 6*d - 10*d + d**2. What is m(v)?
-6
Suppose -2*k - 5 = 2*k + 3*z, 4*z = 2*k - 14. Let g be (-3)/k + 2/1. Let m(r) = -r + 1 - 1 - 3*r**3. Calculate m(g).
4
Let m(v) = -7*v**2 - v. Suppose -5*l + 2*n + 4 = -4, 0 = -3*l + 5*n + 1. Let i be 2/(((-8)/2)/l). Calculate m(i).
-6
Suppose 3*r + r + 20 = 0. Let j = r + 10. Let m(d) = -d**3 + 5*d**2 + 3*d - 5. Determine m(j).
10
Let s(a) be the third derivative of a**2 + 2/3*a**3 + 1/4*a**4 + 0 + 1/60*a**5 + 0*a. Let f(i) = -i + 8. Let o be f(13). Calculate s(o).
-1
Let z(b) = b**3 + 6*b**2 + 2*b + 5. Let u = -53 - -48. Calculate z(u).
20
Suppose p = 3*t + 18, p + t - 98 = -3*p. Suppose 5*f + p = j, 2*j = -5*f + 4*f + 4. Suppose j*l = 5 + 11. Let h(m) = m - 1. Calculate h(l).
3
Let x(k) = 9*k**2 - 14*k + 1. Let w = 4 + 0. Let i(m) = -4*m**2 + 7*m - m**2 + w*m**2 - 4*m**2. Let r(t) = -7*i(t) - 4*x(t). Calculate r(3).
8
Let f(u) be the second derivative of -u**5/4 - u**4/3 - u**3/3 + u**2/2 + 36*u + 2. Calculate f(-2).
29
Let q(r) = -4*r**2 - r. Let o(s) = 5*s**2 + s. Let y(d) = -3*o(d) - 4*q(d). Let f be -2 + 1 - 3/1. Let w(g) = g + 2. Let t be w(f). What is y(t)?
2
Let y(f) = f**3 + 4*f**2 - 7*f - 6. Suppose 5*v + 10 = 3*c - 2, 0 = 4*v - 2*c + 8. Let l be 1*-5 - v/2. Give y(l).
4
Suppose 0 = -2*n + 2*r + 10, -3*n + 5*r + 13 = -4*n. Let l be 3 - n - (3 + -2). Suppose l = 5*v - 9 + 34. Let b(f) = -f**3 - 5*f**2 - 3*f - 4. Calculate b(v).
11
Let l = 3 + 4. Let h(m) = 23*m**2 + 8*m - 22*m**2 - 2*m + l. Give h(-6).
7
Let u(j) = 4*j - 23. Let x be u(7). Let m(w) = w + 1. Let l(i) be the third derivative of -i**4/12 + i**3/3 - i**2. Let s(g) = 2*l(g) + 2*m(g). Give s(x).
-4
Let a(t) = 2 - 4 + 2 + 14*t**2. Determine a(1).
14
Let o(h) be the second derivative of h**8/6720 - h**7/1260 - h**6/720 + h**5/120 + h**4/12 - h. Let w(y) be the third derivative of o(y). Give w(3).
7
Let q(j) be the second derivative of -1/2*j**2 + 0 + 3*j + 1/3*j**3. What is q(1)?
1
Suppose 2*u - 7*u + 10 = 0. Let p(t) = 0*t + 1 + 0*t - 7*t**2. Let f(m) = 13*m**2 - 2. Let y(x) = u*f(x) + 5*p(x). Give y(-1).
-8
Let p(r) = 3*r + 8*r - 6*r. Determine p(1).
5
Let c(t) be the second derivative of t**5/60 + t**4/4 - 3*t**3/2 + 3*t**2/2 - 3*t. Let g(m) be the first derivative of c(m). What is g(-7)?
-2
Suppose -2*c = -2*t, -3*t - 4*c = -9*c. Let u(m) = t*m**2 - m**2 + m + 2 - 3*m**3 - 3*m**2 + 2*m**3. Determine u(-4).
-2
Let v(t) = -t**2 - 5. Suppose -1 + 3 = -h + 2*r, -5*r = 5*h - 5. Let w(c) = -c**2 + c. Let g be w(h). Give v(g).
-5
Let z(q) = q**3 + 5*q**2 + 4*q + 5. Let v(r) = -r - 2. Let l be v(5). Let p be (-1)/(-1) + -4*3. Let t = p - l. Give z(t).
5
Let u(k) be the second derivative of k**5/120 - k**4/12 - 2*k**3/3 + 2*k. Let j(n) be the second derivative of u(n). Calculate j(-4).
-6
Let r(c) = -1 - 4*c + 6 + 6*c - 4*c. Suppose 8*b - 12 = 6*b. Calculate r(b).
-7
Let s(x) = -x**3 - 5*x**2 - 3*x - 6. Let r be 3 - (1/(-1) + 2). Let f(y) = -2*y**2 + 2*y. Let g be f(r). Determine s(g).
-10
Let a be (-36)/(-27) + 11/3. Let t(x) = -x**3 - 8*x**2 + 4*x + 4. Let r(v) = 5*v**3 + 33*v**2 - 16*v - 16. Let k(u) = 2*r(u) + 9*t(u). Determine k(a).
-1
Let t(b) = -2*b**2 - 5*b - 2. Let z be t(-3). Let d(m) be the second derivative of -m**3/6 - 5*m**2/2 + 8*m. Determine d(z).
0
Let n(v) = v**3 + 6*v**2 + 4*v - 1. Let m be n(-5). Let l(b) = -m*b + b**3 + b - 4*b**2 + 2*b. Let a = 22 - 18. Give l(a).
-4
Let g be 1 + (0 - -2)/(-1). Let p(q) = -2*q**2. Let m be p(g). Let o(h) = -h - 1. Let x(f) = 3*f**2 - 2*f - 4. Let u(l) = -6*o(l) + x(l). Give u(m).
6
Let k(a) = -3*a - 2. Suppose 5*n = -2*n + 14. Determine k(n).
-8
Let h(c) = c**3 + 4*c**2 + 2*c + 1. Let r = 97 - 100. Determine h(r).
4
Suppose -q = -6*q - 25. Let m(k) be the first derivative of 7/2*k**2 + 4*k + 3 + 1/3*k**3. Calculate m(q).
-6
Let w(n) = -7 - 4 - 3*n + 13. Give w(-2).
8
Let y(t) = 5*t - 1. Suppose a + 15 = -3*w - 14, -4*w - 12 = -4*a. Let k be ((-4)/w)/((-1)/(-2)). Determine y(k).
4
Let b(g) = g - 5. Suppose 0 = -4*z + 3*z + 7. Calculate b(z).
2
Let i be 4/(-8)*1*-4. Let b(w) = -w + 2. Determine b(i).
0
Let c(s) = s**2 - 7*s + 7. Let v be 4/(((-1)/3)/(2/(-4))). Give c(v).
1
Let u(s) = s**3 - 6*s**2 - 3*s + 7. Suppose -3*k + 8 = -10. Calculate u(k).
-11
Let w(z) be the first derivative of z + 5/2*z**2 + 1. Determine w(1).
6
Let i(p) = p**2 + 9*p - 12. Let k(h) = -h**3 + 4*h**2 - 8*h + 6. Let a be k(3). Determine i(a).
-12
Let a be (8 - 7)/((-2)/(-14)). Let x(w) = w**3 - a + 4*w**2 + 0*w - 2*w - 2*w. Determine x(-5).
-12
Let s(v) = v**3 + 4*v**2 - 6*v. Suppose -4 + 29 = -5*p. Give s(p).
5
Suppose -4*y + 9 = -3*y. Let n(t) = 0*t**2 - 6 - t**2 + y. Let m be -2 - (-4 + 2/1). Calculate n(m).
3
Let q = 7 - 15. Suppose 3*o = 4*o + 5. Let n = q - o. Let g(v) = v + 5. Give g(n).
2
Let h(y) = y + 7. Let k(w) = 4*w + 22. Let i(d) = -7*h(d) + 2*k(d). Let g = -1 - -6. Let x be i(g). Let b(z) = -z**3 + z + 2. Give b(x).
2
Let s(h) = 3 + 0 + 0 - 2*h - 4. Give s(3).
-7
Let v be 5 - (1 - -3 - 6/3). Let f(a) = -a**3 + 5*a**2 - 4*a + 1. What is f(v)?
7
Let c(g) = 2*g**2 - 12*g - 3. Let x = -29 - -35. Calculate c(x).
-3
Let x(t) = -3*t**2 + t + 1. Suppose -3*q = -5*r - 12, -q + 2*r = 3*q - 2. Give x(q).
-3
Let y(a) be the first derivative of 1 - 1/3*a**3 + 0*a**2 + 1/4*a**4 + 3*a. Let m(v) = -v**2 - v. Let p be m(0). What is y(p)?
3
Let g be 0/(-1*(3 + -5)). Let z be -1 + g + 5 + -1. Let h(y) = -y**2 + 3*y - 2. What is h(z)?
-2
Let w(c) = c**2 - 3 + 3*c**2 - 4*c - c**2 - 4*c**2. Suppose 0 = -3*u + u - 10. What is w(u)?
-8
Suppose -j = -4*z + 7*z - 13, -8 = -2*j + 3*z. Let t(y) = -y**3 + 7*y**2 + y - 4. Calculate t(j).
3
Let q(s) = s**2 - 16*s - 11. Let v be q(17). Let i(m) = m**3 - 5*m**2 - 2*m - 4. Calculate i(v).
20
Let p(m) = -m**3 + 4*m**2 - 4. Suppose 11*q + 4 - 37 = 0. What is p(q)?
5
Let c(y) = -y**3 + y**2 - 1. Let a(w) = -5*w**3 + 9*w**2 - 3*w - 6. Let u(q) = -a(q) + 4*c(q). Determine u(4).
-2
Let j(n) = -n**2 - 3*n - 3. Let x = 16 - 18. What is j(x)?
-1
Let h(x) = 6*x**2 + 1 + x - x**3 + 8*x**3 + 4*x**3 - 7*x**2. Give h(-1).
-12
Let l(r) = -4 + 22 - 37*r + 36*r. Give l(0).
18
Let x(j) be the first derivative of -1/3*j**3 + 5 - 1/2*j**2 - j. Calculate x(2).
-7
Let r = 1/16 + 3/16. Let a(v) be the first derivative of -r*v**4 - 1/2*v**2 + 1 - v + v**3. Determine a(2).
1
Let c(u) = 9*u - 32. Let n be c(3). Let q(l) = 0*l**2 - 2 + 5*l**2 - 4 + l**3. Determine q(n).
-6
Let w be (-2)/(-7) - 150/35. Let b(y) be the first derivative of -y**3/3 - 5*y**2/2 + y - 24. What is b(w)?
5
Let h(d) = -d**2 - 2*d. Let o = 11 - 9. Let b be -6 - -5 - 2/o. Give h(b).
0
Let s(r) = 5*r**2 + 2*r - 1. Let y be s(1). Let x be (-55)/(-15) + (-2)/(-6). Let a(b) = -2 + x - b - 3. Determine a(y).
-7
Let q(y) = -y**3 + y**2 + 6*y. Let x(i) = i**3 - 5*i. Let l(w) = 4*q(w) + 5*x(w). Give l(-4).
4
Let r(k) = -2*k**3 + k**2 + 2*k + 1. Let g be 7/(140/8)*(1 + 4). Determine r(g).
-7
Let j(t) = -t**3 + 5*t**2 + t - 2. Suppose 0 = -2*x + 10 - 0. Calculate j(x).
3
Let l(h) be the second derivative of -2*h + 2*h**2 + 1/3*h**3 + 0. Let v(k) = 2*k**2 - 2*k - 1. Let m be v(-1).